f - 3*v - 14 = 0, x*f = -3*v. Suppose 0*p - 12 = -f*p. What is h(p)?
-4
Let n(l) = 20*l + 1066. Let a be n(-53). Let d(s) = s**3 - 6*s**2 - 2*s + 11. Give d(a).
-1
Let a be (1 - 2)/(-2)*-4. Let k be -3 + (-2)/1 + 13. Let j(f) = -3*f - k + 2 + 7 - 2*f. Give j(a).
11
Let l(y) = 12 + 4*y - 19 + 1 - 4 - 6. What is l(5)?
4
Let q = 579 - 573. Let m(p) = p**3 - 5*p**2 - 5*p. Give m(q).
6
Let p(s) = 7*s**2 - 11*s - 3. Let q(m) = -3*m**2 + 5*m + 1. Let v(h) = -2*p(h) - 5*q(h). Let k = -336 - -341. What is v(k)?
11
Suppose 2*r + 8 = 4*o, -4*r - 6 - 6 = -4*o. Let g(z) = 102*z**2 - 2 + 1 - 93*z**2. Determine g(o).
8
Let s = -1 - -2. Let c be 1 - s*(1 - -1). Let d(m) = -4*m**3 - m**2 - 5*m - 4. Let j(v) = 4*v**3 + v**2 + 4*v + 3. Let r(o) = -2*d(o) - 3*j(o). Give r(c).
4
Let b(m) = 3*m**2 - 33*m - 7. Let o be b(11). Let q(x) = -x**2 - 5*x - 5. Give q(o).
-19
Suppose 17 = -3*s + 4*t, -2 = -2*s - 5*t - 44. Let w(c) = -c**3 - 10*c**2 + 11*c - 1. Let v be w(s). Let z(h) = -2*h**2 + h + 1. What is z(v)?
-2
Suppose 2*i + 8 = -2*i - 4*h, -i - 7 = -4*h. Let p(o) = 4*o + 16. Let x(c) = -3*c + 3 + 2*c - 8. Let s(q) = -2*p(q) - 7*x(q). Calculate s(i).
6
Let n = -684 + 694. Let b(o) = 10*o + 3 + 3 - 1 - o**2. Determine b(n).
5
Let t = -30 - -46. Let w = t - 29. Let m be 9/12 - w/4. Let u(c) = c - 8. Calculate u(m).
-4
Suppose 2*a - 9 = -z - 11, 4*a = -5*z + 2. Let j(v) be the first derivative of 4/3*v**3 - v - 1/4*v**4 + 3*v**z - 3. Determine j(5).
4
Suppose 92 = q - 47*q. Let t(a) = 4 - 4 + 2 + 0*a - 5*a. Determine t(q).
12
Let g(v) = v**3 - v**2. Suppose q - 4 + 1 = -4*z, -5*q + 15 = 2*z. Let k(d) = -d - 7. Let r be k(-9). Suppose f = r*p - 2, 3*p = 6*p + q*f - 3. Determine g(p).
0
Let j(t) be the third derivative of -1/6*t**3 + 0*t + 0 + 46*t**2 + 7/24*t**4. What is j(-1)?
-8
Let x(u) = -49*u + 23*u - 6 + 24*u. Calculate x(-2).
-2
Let j(x) = -2*x**2 + 9*x + 2. Let v(d) = 3*d**2 - 8*d - 4. Let f(s) = 4*j(s) + 3*v(s). Determine f(-12).
-4
Let c(n) = -2*n**3 + 10*n**2 - 9*n + 5. Let z be (-4)/(-1*-3*(-2)/6). Let x be c(z). Let v(s) = 7*s**3 - s**2 + s - 1. Give v(x).
6
Let k(w) be the third derivative of -w**5/60 + w**4/4 - 11*w**3/6 + 76*w**2 - w. Give k(4).
-3
Let i = 43 + -39. Suppose -4*o + 3 = 23, -5*l - 4*o - 5 = 0. Let n(f) = -3*f**2 - f**l + 8*f**2 - f - f - 2. Calculate n(i).
6
Let d(v) = 5*v**2 + v - 1. Let c(z) be the second derivative of z**3/6 + 3*z**2 + 5*z. Let s(t) = 1. Let h(y) = -c(y) - 4*s(y). Let a be h(-11). Determine d(a).
5
Let n(o) = o**2 + 10*o + 2. Let x = -59 - -52. What is n(x)?
-19
Suppose 1 = 4*i - 11. Let h(d) = -d**2 + 0*d - 2*d**i + 3*d - 4 + d**3. Let f be -10 + (-1)/5*-35. What is h(f)?
5
Let h be -6 - 7/((-42)/60). Let w(d) be the second derivative of -1/20*d**5 + 0 + 1/12*d**h + 0*d**3 + 3/2*d**2 - 5*d. Calculate w(0).
3
Suppose 3*c - 14 = 4. Let l(k) be the second derivative of -k**6/360 + k**4/4 - 3*k. Let p(n) be the third derivative of l(n). Give p(c).
-12
Suppose 12*s - 19 = -163. Let u(p) = p + 14. Calculate u(s).
2
Let h(b) be the first derivative of b**3/3 - b**2/2 + 2*b - 38. Calculate h(2).
4
Let l(r) = -r - 2 - 5*r**2 + 0*r + 8*r**2. Suppose 3*p - 25 = -2*p. Suppose 35 = 5*n + 5*m, p*m + 0*m = -n + 27. Give l(n).
8
Let k = 9 - 5. Suppose 3*g - 40 = -4*w, 10 = w - k*g + g. Let y(n) = 5*n**2 + w*n - 9*n - 2 + 2. What is y(1)?
6
Suppose 7*x = 4*x + 6. Let r(y) = -13*y + 2. What is r(x)?
-24
Let q(j) = j**3 + 2*j**2 - 6*j - 2. Suppose 10 + 10 = -5*h. Let x be (0 + h/(-3))*12/(-4). Calculate q(x).
-10
Let r(a) = -a**2 + 10*a + 4. Suppose 3*s = -2*s + 3*v + 59, -s + 13 = -v. Give r(s).
4
Let j(y) = 14*y**2 + 13. Let s(k) = 23*k**2 - k + 26. Let a(g) = -5*j(g) + 3*s(g). Give a(-6).
-5
Let q be ((-23)/184)/((-1)/24). Let i(f) = 2*f**3 - 4*f**2 - f + 1. Determine i(q).
16
Let n(w) = w**2 - w - 1. Suppose -3*t = 0, 4*d = 4*t + 1 - 9. What is n(d)?
5
Let i(s) be the second derivative of -s**4/24 - s**3/2 - 5*s**2/2 + s. Let j(v) be the first derivative of i(v). Determine j(-2).
-1
Let o(h) = -16*h - 2. Let x be o(-1). Let y(j) = j**3 + 5*j - 2*j + 16*j**2 - x*j**2 - j. Let r = -5 - -3. Calculate y(r).
-4
Suppose -4*d = 2*s + s - 38, 0 = 2*d + 4*s - 14. Suppose -6*k + d*k = 10. Let b(n) = -n**3 + 4*n**2 - 4*n + 3. Calculate b(k).
3
Let x(p) = p**2 - 17*p - 1. Let a(i) = -2*i**2 + 35*i + 3. Let l(b) = 3*a(b) + 7*x(b). Let k be l(14). Let o(g) = -2*g**3 + 2*g**2 + 3*g - 2. What is o(k)?
-4
Let l(h) = -2*h**2 - 3*h + 6. Let s(f) = 8*f**2 + 8*f - 20. Let k(w) = -7*l(w) - 2*s(w). What is k(3)?
-5
Let s(k) = -k**2 - 12*k - 18. Let l be (-220)/(-30)*(-15)/10. Calculate s(l).
-7
Let k be 1452/8 - (-3)/(-2). Let t be k/8*(7 + -1). Let z(y) = t*y - 133*y + 0 + 4. Calculate z(-5).
-6
Let b(d) be the first derivative of -d**2 - 22*d - 4. What is b(-12)?
2
Let r = -54 + 56. Suppose 0 = 3*q - 4*q. Let i(l) = 1 + 4*l - 2*l + 0*l + q*l - l**2. Determine i(r).
1
Let h(v) = v**2 + 3*v + 2. Let r be h(-2). Let y = -7 - r. Let f(t) = 3*t + 18. Let n(s) = -s - 6. Let g(m) = 4*f(m) + 11*n(m). What is g(y)?
-1
Let p(k) = -k + 15. Let v = 1734 + -1712. Calculate p(v).
-7
Suppose -2*x - 2*w + 4 = -6*w, -8 = 2*w. Let p(s) be the second derivative of -s**4/12 - 7*s**3/6 + s**2 + 7*s + 30. Determine p(x).
8
Let o(v) be the second derivative of -v**4/24 - 7*v**3/6 - 5*v**2/2 + v. Let g(i) be the first derivative of o(i). Let c be (-5)/((-10)/4)*-2. Give g(c).
-3
Let v(d) = d**3 - 4*d**2. Let s be v(4). Let w(m) = m**3 + 6*m**2 - 4*m - 17. Let o(g) = -g**3 - 4*g**2 + 3*g + 19. Let k(h) = 3*o(h) + 2*w(h). Give k(s).
23
Let l(t) be the first derivative of -2*t**2 + t - 180. What is l(-3)?
13
Let u(x) = 5*x**2 - 5*x + 2. Let k(f) = -4*f**2 + 4*f - 2. Let o(a) = -6*k(a) - 5*u(a). Give o(3).
-4
Let m(i) be the second derivative of -i**3/6 + i**2/2 + 2*i. Let o(c) = -8*c + 3. Let x(n) = 6*m(n) - o(n). What is x(-6)?
-9
Let l(x) = -x**2 + 9*x - 1. Let w(i) = -4*i**2 + 32*i. Let u(k) = -3*l(k) + w(k). Determine u(-5).
-47
Suppose 2*g = -5*v + 42, 4*g = 3*v - 5*v + 20. Let i(n) = v*n**3 - 4*n**3 - 3*n**3 + 14. Let a be (0 - 0)/(-9 - -10). What is i(a)?
14
Let y be -4*(-25)/(-20)*1. Let f(j) be the third derivative of -j**5/60 - 7*j**4/24 - j**3/2 + j**2. Give f(y).
7
Let t(h) be the third derivative of -h**6/60 - h**5/6 + h**3/6 + 22*h**2 - 18*h. Give t(-5).
1
Let k(f) = 5*f**2 + 11*f + 1. Let q(w) = 6*w**2 + 12*w + 1. Let o(b) = 5*k(b) - 4*q(b). Let j be 16/((-320)/90) - 2/(-4). Give o(j).
-11
Suppose 14*v = 3*v - 3*v. Let p(s) = 2*s - 5. What is p(v)?
-5
Let a(n) be the first derivative of -2*n**3/3 - 2*n**2 + 3*n - 126. What is a(-3)?
-3
Suppose 2*w + 9 = -w. Let b be ((-4)/w)/(4/6). Let g(m) = -m**2 + 1. Let a be g(b). Let l(d) = d**3 + d**2 - 3*d - 4. Give l(a).
-13
Let o(s) = -5*s + 3. Let a be o(-3). Let p be ((-10)/6)/((-2)/a). Suppose -2*i = i + p. Let y(b) = -b**3 - 5*b**2 - b + 2. Determine y(i).
7
Let d(s) = -s + 7. Let i(b) = -3*b**2 - 5*b + 7. Let c be -3 - (0/2)/2. Let h be i(c). What is d(h)?
12
Suppose -6 = -2*j + 3*a, -3*j + 8*a + 9 = 3*a. Let r(x) = -x**2 + x + 6. Determine r(j).
0
Let t be 196/6*(-6)/(-4). Suppose t = -18*y + 11*y. Let j(d) = d**2 + 7*d - 1. Calculate j(y).
-1
Suppose -225 - 55 = -2*h. Let w(g) = -5*g + g**2 + h + g + g**2 - 142. Let m = -11 + 15. Determine w(m).
14
Let i(l) = 4*l - 15 + 11 - 17 - 4. What is i(6)?
-1
Let f(v) = -v**3 + 4*v**2 + 1. Let x(m) = -12*m**2 + m. Let g be x(-1). Let w = g - -13. Let l(o) = -2*o**2 + o + 4. Let b be l(w). Give f(b).
1
Let o be 3/(6/(-8)) + 2. Let n(l) = -4*l**3 + 2*l**2 + 3*l + 5. Let w(z) = 9*z**3 - 5*z**2 - 6*z - 11. Let t(p) = 7*n(p) + 3*w(p). Determine t(o).
0
Let g(c) = -c**3 - 2*c**2 + 4*c + 1. Let x(z) be the first derivative of -z + 1/2*z**2 - 7. Let f be x(-3). What is g(f)?
17
Let y(h) = h**3 - 7*h**2 + 8*h - 12. Let q be y(6). Let z(o) = q*o**2 + o - o**2 + 10 + 2*o**2 - 14. Calculate z(-3).
2
Suppose -t = -3, -6 + 24 = 3*v + 3*t. Let n(a) = 3*a**3 - 1 + a - a**3 - a**3 - 4*a**2 + 3. Give n(v).
-4
Suppose 0 = o + t, 0*o + o - 3*t = 20. Suppose 0 = -b + 3*r - 20, 6*r - o = -2*b + 3*r. Let x(u) = 3*u - 4. Calculate x(b).
-19
Let o be (-12 - 1)*(18 - 19). Let j(w) = w**2 - 14*w + 19. What is j(o)?
6
Let m(g) = -g**2 + 7*g + 4. Suppose 0*r + 5*r - 4*o + 62 = 0, -2*o = -5*r - 56. Le